-9 - 1)) + (-3 - -2)?
10
Calculate -1 + -1 + (-2 - -1) - (-25 + 26).
-4
Calculate (-235 - -231) + -2 + 3 + 11.
8
What is the value of -17 - (-10 + (-30 - -1)) - (10 + 0)?
12
Evaluate -1 - 37 - (-17 + 24 - (-4 + 19)).
-30
What is -7 + (3 - (-52 + 59 + (3 - -1)))?
-15
Calculate 9 - 25 - (4 - -2) - (-42 - -37).
-17
What is -10 - -26 - (-4 - 3 - -4)?
19
What is 4 - (6 - 0 - (-34 + 61 + -27))?
-2
Evaluate -1 + 1 + -5 - (0 - -8 - 10).
-3
Calculate -823 + 814 - (0 - 4 - -1).
-6
Calculate 4 + 9 - 11 - -6.
8
Evaluate 13 + -2 + -18 + 9 - (5 - -1).
-4
What is 21 + (-11 - 6) + 10?
14
(13 - 5) + (-10 - -3) - 6
-5
What is -170 + 166 + 12 + -1?
7
Evaluate -33 - (-7 - -7 - 20).
-13
What is the value of (-3 - -11 - (12 - 6)) + 5 + 1?
8
24 + 28 + -56 + 20 + 3
19
Evaluate -3 - (-2 - -5) - (-20 - (-3 + -19)).
-8
Calculate -20 + -11 + 8 + (-5 - -6).
-22
What is -2 - ((-9 - (-2 + 1)) + -9)?
15
What is the value of (0 - -30) + -24 + (-1 - 10)?
-5
What is -8 + 10 + -6 + -4 + 11?
3
What is the value of 4 - (3 + -1 + (-2 - -6) + -2)?
0
1 + (-6 - 7 - 0)
-12
What is (-11 - -29) + -46 + 2?
-26
(-4 - 0) + 7 + (-10 + 11 - 24)
-20
Evaluate (19 - 60) + 19 - -40.
18
What is the value of 0 + -14 + (-9 + 12 + 4 - 13)?
-20
Evaluate -1 - (-6 + 14 + -15).
6
What is 6 + (5 - ((-2 - -8) + (-2 - -2)))?
5
Calculate -8 + -2 + (-3 + -6 + 7 - -1).
-11
What is the value of -65 - -87 - (25 + -4)?
1
1 + -12 - (-11 + 3 + -4)
1
12 + -9 + 5 - 28 - -54
34
0 + (-7 + 5 + 10 - 7) + 3
4
What is the value of -2 + -2 + 0 + (2 - (1 - -2))?
-5
-2 - 0 - (9 + -4 - -5)
-12
What is the value of 12 + 1 + -7 - (-5 - (-4 + 0))?
7
What is 12 + -5 + (-5 + (5 - 1) - -4)?
10
What is the value of -10 + -10 + 17 + 8 + 1 + -5?
1
Evaluate 2 + -8 - ((-1 - 2) + -1).
-2
Calculate 11 - ((39 - -1) + (161 - 161)).
-29
What is the value of -15 + (14 - (-2 - 10))?
11
Evaluate 0 + 4 + 20 + -9 + -9 + 4.
10
What is the value of -4 - 1 - ((-7 - -4) + (17 - 10))?
-9
-1 - 3 - (10 + -11) - -8
5
(-27 - -19) + -11 - -1
-18
Evaluate -1 + 3 - (-40 - -46).
-4
-3 + 21 + 39 + (-28 - 2)
27
What is -28 + 9 + (-2 - (4 - 3))?
-22
Evaluate -11 - 2 - (-55 - -28).
14
Evaluate -22 - (-4 + 21 - 50).
11
What is -2 + (9 - -8) - 12 - (-3 - 0)?
6
What is the value of (43 - 34 - (4 + 1)) + -15?
-11
-1 + 4 + 2 - (-33 + (2 - -22))
14
What is -17 + 4 + 7 - (6 + -1)?
-11
What is (9 - 3) + (7 - -19) + -7 + -6?
19
6 + -7 + -4 + 7 - (7 + -1)
-4
Evaluate -14 - (13 - (1 + 13 - (10 + -3))).
-20
Calculate 1 + 4 - (-4 - -5) - (-10 + 9).
5
Evaluate 25 + (47 - 56 - (-1 + -3)).
20
-2 - (0 + (-13 - -10))
1
-1 - (-11 + (15 - (-3 + 9)))
1
What is -29 + 20 + -54 + 33?
-30
16 + (15 - 23) + -4
4
Calculate -3 + -3 - (27 - (2 + 9)).
-22
Calculate -1324 + 1335 + -3 + (-4 + 1 - 29).
-24
What is (-5 - 12) + 40 - (7 + -2 - -2)?
16
Calculate (27 + -72 - -81) + -16.
20
-1 - ((-11 - -42) + (1 - 4 - -1))
-30
What is -1 + (-27 - (-13 + 2) - -4)?
-13
What is -4 - -4 - (-2 - (12 - 7)) - 26?
-19
What is the value of 9 + (-20 + 10 - (0 + (-9 - 1)))?
9
9 + 15 + (-1 - -4) + -7
20
What is 115 - 50 - 55 - (0 + -12)?
22
Evaluate -16 - -7 - (4 + 3 + -1).
-15
What is the value of -6 + (0 - 4) - ((-17 - 44) + 19)?
32
What is 0 + -5 + 1 + -1 + (-26 - -28)?
-3
Evaluate -1 - (39 - ((4 - 8) + (15 - 0))).
-29
What is 12 + -39 + 16 - -30?
19
1 - (-3 + 6 + -1) - (31 + -39)
7
What is (-25 - -11) + 9 + -1 + 9?
3
-8 - -7 - (5 - (-4 + -8 + -1))
-19
What is 14 + (-10 + -1 - -6)?
9
-20 + (125 - 112 - (14 - -3))
-24
-35 - ((5 - 2) + -13 + -4)
-21
1 + -4 - ((19 - -19) + -37)
-4
What is the value of (-1 - (5 - 10)) + 3 + -1 + -1?
5
Evaluate 293 - 276 - (6 + -4 - -45).
-30
1 + (9 - (-6 - -7))
9
Calculate (6 - (-31 - -37)) + -14.
-14
-24 - (1 + 5 + 1 - 6)
-25
114 + -39 - 63 - (43 - -1)
-32
What is the value of (-2 + -2 - 15) + (-73 - -76)?
-16
What is -7 + 1 - (6 - (1 - (17 - 14)))?
-14
What is -5 - (-29 - -2 - (-11 - (17 - 28)))?
22
-1 + (23 + -8 + -22 - (-3 - -1))
-6
What is the value of (9 - (-18 + 11)) + -11 + -10?
-5
Calculate 2 - (-10 - (0 + 1)).
13
Evaluate (6 - -9) + -17 + 3.
1
Evaluate 2 + 8 - (4 + 24).
-18
What is the value of 3 + 6 + -4 - (13 - (-9 + 19))?
2
What is the value of (-4 - 7) + -11 + 6 + 5?
-11
Calculate 0 - -3 - (33 + -39).
9
Evaluate (-8 - 0) + -127 + 144.
9
What is the value of (7 - 16 - (-8 + -6)) + 11?
16
What is the value of 5 + -14 + 3 + -7 + 5?
-8
Calculate (36 - 49) + 8 + 1.
-4
Evaluate 22 - -10 - (1 - (-7 + -1)).
23
What is the value of 184 + -186 - (1 - (-1 - 5))?
-9
What is the value of -42 + 58 - (7 - -9)?
0
What is 14 + (4 - 13 - 9)?
-4
What is the value of (-4 - (4 - 4)) + 4 + 0 + -8?
-8
What is the value of (28 - (-18 + 14)) + -18?
14
16 + (-1 - 7 - -3)
11
(-5 - (-6 + 1) - -1) + 10 - 6
5
What is the value of -32 + 92 + -46 + 22?
36
-27 + 20 - -6 - (-7 - (-4 - -2))
4
Evaluate (-5 - (-4 - -7 - 3)) + (-5 - -14).
4
What is 6 + -24 + (-12 - -14)?
-16
Evaluate -9 - 0 - ((17 + -7 - 5) + -11).
-3
Evaluate (9 - 6 - 7 - -6) + -4 + 1.
-1
Calculate -4 + (6 + 0 - (-13 + 12)).
3
Evaluate 53 + -11 + -42 - (0 + -18).
18
Calculate 2 + (51 + -43 - (27 - 0) - -6).
-11
1 + 0 + -1 + 7 + (34 - 33)
8
-6 - -5 - (21 + 3)
-25
What is the value of 2 - 29 - 7 - (-2 - 11)?
-21
Evaluate 11 + 6 + -25 + 17.
9
What is the value of 12 + (6 - (-9 - -13)) + -5 + 1?
10
76 - 79 - (1 + -8 - -1)
3
Calculate -8 + 0 + -11 + 14 - (1 - 1).
-5
Calculate (-2 - 9 - (-6 - 0)) + (-2 - 3).
-10
What is the value of 146 - 154 - ((2 - 7) + -3)?
0
1 - -20 - 29 - (-1 - 21)
14
Evaluate (-20 - -74) + -37 + 6.
23
Calculate 10 + -2 + (-8 - 4 - -9 - -7).
12
Calculate (1 + (0 - 4) - -5) + -129 + 128.
1
What is 17 + 15 + 3 + -12 + 5?
28
What is the value of -4 - -1 - (-32 - -12 - -33)?
-16
Evaluate 7 + 9 + (-14 - 1).
1
Calculate 56 - ((-28 - 3) + 60).
27
What is 8 - (5 + -3 + (6 - (11 + -30)))?
-19
What is the value of (1 - (6 + -9)) + 6 - 9?
1
-31 + 34 - (3 - 0)
0
Evaluate (-109 - -147) + 6 + -15.
29
23 + -40 + (-9 - -2)
-24
Evaluate 18 + (1 + 25 - 41).
3
Evaluate 3 + 11 + 3 + -16 + 9.
10
Evaluate (2 - -8) + -14 - (-6 + 2).
0
Evaluate 0 + -3 + (5 - (-21 - -5)).
18
What is the value of -25 - (18 - 51 - -29)?
-21
Calculate -12 - (-17 + 6 + (-30 - -20)).
9
(-6 + 1 - -4) + 44 + -23 - -1
21
What is -6 + 15 + 9 + -1 + (3 - 8)?
12
Evaluate -19 + 16 - (-4 + 7) - -15.
9
Evaluate (0 - -1) + -5 + (12 - 6).
2
Calculate -14 + 91 + -74 - (-2 + -14).
19
What is the value of -23 + (-5 - 15 - -19)?
-24
Calculate -16 - 2 - (3 - (11 + 1 + -2)).
-11
Calculate 0 - 5 - (22 + -45).
18
Evaluate (8 + -6 - -5) + 13 + -2.
18
Evaluate 0 - 5 - (6 - (8 - -5)).
2
Calculate (5 - (2 + 9)) + -7 + 13.
0
Evaluate -3 - -39 - (8 - -13).
15
2 - 12 - ((37 - 86) + 8)
31
What is 5 + (-36 + 7 - 0 - -9)?
-15
Evaluate 13 - (-19 - -26 - -24).
-18
Calculate (1 - -5) + (-14 - 17) + 12.
-13
Evaluate -8 + 0 + (3 - 12 - -8).
-9
Calculate 9 - (10 + (-14 - -17)).
-4
Calculate -3 + 5 - (-49 - -59).
-8
What is the value of 8 - (6 + (19 - 14))?
-3
What is (-11 - (0 + -13)) + 15 + 1?
18
What is 212 + -222 - (0 + 3)?
-13
Evaluate -32 - ((-34 - -3) + 9).
-10
Evaluate 12 + -36 + (-7 + -1 - -21).
-11
Calculate 2 + 25 + -30 + 44 + -24.
17
Calculate -6 - -3 - 4 - (218 + -205).
-20
Calculate (-15 + 21 + -12 - (-1 + 12)) + 8.
-9
What is (-1 - ((-4 + -6 - -6) + 6)) + -8?
-11
Evaluate -19 - (-26 - (16 - 18)).
5
What is -13 - (-10 - 7 - -6)?
-2
What is 3 - (7 + (-3 - (8 + -6)) + -3)?
4
(22 - (-9 + 39)) + 5
-3
Evaluate -10 - -12 - (-22 + 3) - 8.
13
Evaluate (-62 - -66) + (-8 - 2) + (15 - 1).
8
Calculate 8 - (-1 - -6 - (10 + -12)).
1
19 + (-6 - 7) + -8 + -24
-26
Evaluate 1 - (-73 + 29) - 26.
19
Calculate -12 + -15 + -8 + -3.
-38
What is the value of -13 + (-3 - -5) + 4 - (-22 - -20)?
-5
1 - (16 - ((9 - 13) + 13))
-6
Calculate -8 + (2 - -1 - -7).
2
What is -20 - ((20 + -27 - 10) + -17)?
14
Calculate (-21 - 11 - -16) + 13.
-3
What is (66 - 44) + (1 - 9) + -8?
6
Evaluate -7 - (-5 - -13 - 33).
18
26 + -54 - (-3 + -13)
-12
-4 + 9 + -8 - 0
-3
What is the value of 2 + -14 + -10 + 13 + 5 + -1?
-5
Calculate 37 + -35 - (-4 - 0 - -17).
-11
What is 1 + -17 + 5 + 11?
0
-19 - -16 - -30 - (6 - 1)
22
(-21 - -2 - (23 - 21)) + 9
-12
What is (31 - 28) + (3 - 4)?
2
What is 25 - (15 + 23 - 22)?
9
Evaluate -10 + 5 + (-5 + 1 - -7 - 4).
-6
What is the value of (3 - 0) + -10 + 4 + -7?
-10
-29 - (43 + (-78 - -24) + 6 + 1)
-2